{"id":209,"date":"2023-06-13T11:33:08","date_gmt":"2023-06-13T11:33:08","guid":{"rendered":"https:\/\/www.freshgelato.pl\/zabrze\/?page_id=209"},"modified":"2023-11-30T14:21:58","modified_gmt":"2023-11-30T14:21:58","slug":"o-nas","status":"publish","type":"page","link":"https:\/\/www.freshgelato.pl\/zabrze\/o-nas\/","title":{"rendered":"O Nas"},"content":{"rendered":"<p><div class=\"fusion-fullwidth fullwidth-box fusion-builder-row-1 fusion-flex-container has-pattern-background has-mask-background max-width naglowek_pasek nonhundred-percent-fullwidth non-hundred-percent-height-scrolling\" style=\"background-color: #019bd6;background-position: center center;background-repeat: no-repeat;border-width: 0px 0px 0px 0px;border-color:var(--awb-color3);border-style:solid;\" ><div class=\"fusion-builder-row fusion-row fusion-flex-align-items-flex-start\" style=\"max-width:1248px;margin-left: calc(-4% \/ 2 );margin-right: calc(-4% \/ 2 );\"><div class=\"fusion-layout-column fusion_builder_column fusion-builder-column-0 fusion_builder_column_1_1 1_1 fusion-flex-column\"><div class=\"fusion-column-wrapper fusion-flex-justify-content-flex-start fusion-content-layout-column\" style=\"background-position:left top;background-repeat:no-repeat;-webkit-background-size:cover;-moz-background-size:cover;-o-background-size:cover;background-size:cover;padding: 0px 0px 0px 0px;\"><div class=\"fusion-text fusion-text-1 page_title\"><p style=\"text-align: center;\">O Nas<\/p>\n<\/div><\/div><style type=\"text\/css\">.fusion-body .fusion-builder-column-0{width:100% !important;margin-top : 0px;margin-bottom : 20px;}.fusion-builder-column-0 > .fusion-column-wrapper {padding-top : 0px !important;padding-right : 0px !important;margin-right : 1.92%;padding-bottom : 0px !important;padding-left : 0px !important;margin-left : 1.92%;}@media only screen and (max-width:1024px) {.fusion-body .fusion-builder-column-0{width:100% !important;order : 0;}.fusion-builder-column-0 > .fusion-column-wrapper {margin-right : 1.92%;margin-left : 1.92%;}}@media only screen and (max-width:1000px) {.fusion-body .fusion-builder-column-0{width:100% !important;order : 0;}.fusion-builder-column-0 > .fusion-column-wrapper {margin-right : 1.92%;margin-left : 1.92%;}}<\/style><\/div><\/div><style type=\"text\/css\">.fusion-body .fusion-flex-container.fusion-builder-row-1{ padding-top : 0px;margin-top : 0px;padding-right : 0px;padding-bottom : 0px;margin-bottom : 0px;padding-left : 0px;}<\/style><\/div><div class=\"fusion-fullwidth fullwidth-box fusion-builder-row-2 fusion-flex-container has-pattern-background has-mask-background fusion-parallax-none content_width nonhundred-percent-fullwidth non-hundred-percent-height-scrolling lazyload\" style=\"background-color: rgba(255,255,255,0);background-position: center bottom;background-repeat: no-repeat;border-width: 0px 0px 0px 0px;border-color:var(--awb-color3);border-style:solid;-webkit-background-size:cover;-moz-background-size:cover;-o-background-size:cover;background-size:cover;\" data-bg=\"http:\/\/www.freshgelato.pl\/zabrze\/wp-content\/uploads\/2023\/05\/onas_bg.jpg\" ><div class=\"fusion-builder-row fusion-row fusion-flex-align-items-flex-start\" style=\"max-width:1248px;margin-left: calc(-4% \/ 2 );margin-right: calc(-4% \/ 2 );\"><div class=\"fusion-layout-column fusion_builder_column fusion-builder-column-1 fusion_builder_column_1_2 1_2 fusion-flex-column\"><div class=\"fusion-column-wrapper fusion-flex-justify-content-flex-start fusion-content-layout-column\" style=\"background-position:left top;background-repeat:no-repeat;-webkit-background-size:cover;-moz-background-size:cover;-o-background-size:cover;background-size:cover;padding: 0px 0px 0px 0px;\"><div style=\"text-align:center;\"><style>.fusion-imageframe.imageframe-1{ margin-bottom : 10px;}<\/style><span class=\" fusion-imageframe imageframe-none imageframe-1 hover-type-none\"><img decoding=\"async\" width=\"699\" height=\"410\" src=\"https:\/\/www.freshgelato.pl\/zabrze\/wp-content\/uploads\/2023\/05\/onas_img.jpg\" data-orig-src=\"http:\/\/www.freshgelato.pl\/zabrze\/wp-content\/uploads\/2023\/05\/onas_img.jpg\" alt class=\"lazyload img-responsive wp-image-123\" srcset=\"data:image\/svg+xml,%3Csvg%20xmlns%3D%27http%3A%2F%2Fwww.w3.org%2F2000%2Fsvg%27%20width%3D%27699%27%20height%3D%27410%27%20viewBox%3D%270%200%20699%20410%27%3E%3Crect%20width%3D%27699%27%20height%3D%27410%27%20fill-opacity%3D%220%22%2F%3E%3C%2Fsvg%3E\" data-srcset=\"https:\/\/www.freshgelato.pl\/zabrze\/wp-content\/uploads\/2023\/05\/onas_img-200x117.jpg 200w, https:\/\/www.freshgelato.pl\/zabrze\/wp-content\/uploads\/2023\/05\/onas_img-400x235.jpg 400w, https:\/\/www.freshgelato.pl\/zabrze\/wp-content\/uploads\/2023\/05\/onas_img-600x352.jpg 600w, https:\/\/www.freshgelato.pl\/zabrze\/wp-content\/uploads\/2023\/05\/onas_img.jpg 699w\" data-sizes=\"auto\" data-orig-sizes=\"(max-width: 1000px) 100vw, 600px\" \/><\/span><\/div><\/div><style type=\"text\/css\">.fusion-body .fusion-builder-column-1{width:50% !important;margin-top : 0px;margin-bottom : 20px;}.fusion-builder-column-1 > .fusion-column-wrapper {padding-top : 0px !important;padding-right : 0px !important;margin-right : 3.84%;padding-bottom : 0px !important;padding-left : 0px !important;margin-left : 3.84%;}@media only screen and (max-width:1024px) {.fusion-body .fusion-builder-column-1{width:50% !important;order : 0;}.fusion-builder-column-1 > .fusion-column-wrapper {margin-right : 3.84%;margin-left : 3.84%;}}@media only screen and (max-width:1000px) {.fusion-body .fusion-builder-column-1{width:100% !important;order : 0;}.fusion-builder-column-1 > .fusion-column-wrapper {margin-right : 1.92%;margin-left : 1.92%;}}<\/style><\/div><div class=\"fusion-layout-column fusion_builder_column fusion-builder-column-2 fusion_builder_column_1_2 1_2 fusion-flex-column\"><div class=\"fusion-column-wrapper fusion-flex-justify-content-flex-start fusion-content-layout-column\" style=\"background-position:left top;background-repeat:no-repeat;-webkit-background-size:cover;-moz-background-size:cover;-o-background-size:cover;background-size:cover;padding: 0px 0px 0px 0px;\"><div class=\"fusion-text fusion-text-2\"><p><span style=\"font-family: arno-pro; font-size: 24pt; color: #c09a5d;\">Fresh Gelato M1 Zabrze<\/span><br \/>\n<strong>Skosztuj niebia\u0144skich smak\u00f3w w naszej lodziarni !<\/strong><\/p>\n<p>Fresh Gelato M1 Zabrze to miejsce z w\u0142osk\u0105 tradycj\u0105 i charakterem. Nasz\u0105 specjalno\u015bci\u0105 s\u0105 lody rzemie\u015blnicze Fresh Gelato &#8211; prawdziwe w\u0142oskie gelato produkowane na oczach go\u015bci.Lody wytwarzamy na miejscu ka\u017cdego dnia w naszej pracowni wg. receptur stworzonych przez w\u0142oskich mistrz\u00f3w oraz przy wykorzystaniu najwy\u017cszej jako\u015bci surowc\u00f3w. W ofercie znajdziecie r\u00f3wnie\u017c wy\u015bmienite wyroby cukiernicze, kaw\u0119, desery, lody w\u0142oskie soft, jogurt mro\u017cony, bubble za oraz shake premium produkowane na prawdziwym mleku i \u015bmietanie.Zapraszamy r\u00f3wnie\u017c na w\u0142oskie \u015bniadania i lunche podczas kt\u00f3rych skosztujecie prawdziwe Croissanty oraz wyj\u0105tkowa pizz\u0119 rzemie\u015blnicza Fresh Pinse. Jeste\u015bmy otwarci przez ca\u0142y rok, serdecznie zapraszamy i czekamy na Ciebie!<\/p>\n<\/div><\/div><style type=\"text\/css\">.fusion-body .fusion-builder-column-2{width:50% !important;margin-top : 0px;margin-bottom : 20px;}.fusion-builder-column-2 > .fusion-column-wrapper {padding-top : 0px !important;padding-right : 0px !important;margin-right : 3.84%;padding-bottom : 0px !important;padding-left : 0px !important;margin-left : 3.84%;}@media only screen and (max-width:1024px) {.fusion-body .fusion-builder-column-2{width:50% !important;order : 0;}.fusion-builder-column-2 > .fusion-column-wrapper {margin-right : 3.84%;margin-left : 3.84%;}}@media only screen and (max-width:1000px) {.fusion-body .fusion-builder-column-2{width:100% !important;order : 0;}.fusion-builder-column-2 > .fusion-column-wrapper {margin-right : 1.92%;margin-left : 1.92%;}}<\/style><\/div><\/div><style type=\"text\/css\">.fusion-body .fusion-flex-container.fusion-builder-row-2{ padding-top : 40px;margin-top : 0px;padding-right : 0px;padding-bottom : 0px;margin-bottom : 0px;padding-left : 0px;}<\/style><\/div><div class=\"fusion-bg-parallax\" data-bg-align=\"center center\" data-direction=\"right\" data-mute=\"false\" data-opacity=\"100\" data-velocity=\"-0.3\" data-mobile-enabled=\"false\" data-break_parents=\"0\" data-bg-image=\"http:\/\/www.freshgelato.pl\/zabrze\/wp-content\/uploads\/2023\/05\/bg_1.jpg\" data-bg-repeat=\"false\" ><\/div><div class=\"fusion-fullwidth fullwidth-box fusion-builder-row-3 fusion-flex-container has-pattern-background has-mask-background fusion-parallax-right max-width nonhundred-percent-fullwidth non-hundred-percent-height-scrolling lazyload\" style=\"background-color: rgba(255,255,255,0);background-position: center center;background-repeat: no-repeat;border-width: 0px 0px 0px 0px;border-color:var(--awb-color3);border-style:solid;-webkit-background-size:cover;-moz-background-size:cover;-o-background-size:cover;background-size:cover;\" data-bg=\"http:\/\/www.freshgelato.pl\/zabrze\/wp-content\/uploads\/2023\/05\/bg_1.jpg\" ><div class=\"fusion-builder-row fusion-row fusion-flex-align-items-flex-start\" style=\"max-width:1248px;margin-left: calc(-4% \/ 2 );margin-right: calc(-4% \/ 2 );\"><div class=\"fusion-layout-column fusion_builder_column fusion-builder-column-3 fusion_builder_column_1_1 1_1 fusion-flex-column\"><div class=\"fusion-column-wrapper fusion-flex-justify-content-flex-start fusion-content-layout-column\" style=\"background-position:left top;background-repeat:no-repeat;-webkit-background-size:cover;-moz-background-size:cover;-o-background-size:cover;background-size:cover;padding: 100px 0px 100px 0px;\"><div class=\"fusion-text fusion-text-3 text-white\"><p style=\"text-align: center;\"><span style=\"font-family: arno-pro; font-size: 36pt;\">Poznaj prawdziwe w\u0142oskie smaki<\/span><\/p>\n<p style=\"text-align: center;\"><span style=\"font-size: 14pt;\">Fresh Gelato to wyj\u0105tkowe lody produkowane w oparciu o sprawdzon\u0105<\/span><br \/>\n<span style=\"font-size: 14pt;\">w\u0142osk\u0105 technologi\u0119 z ponad 50-letni\u0105 tradycj\u0105<\/span><\/p>\n<\/div><\/div><style type=\"text\/css\">.fusion-body .fusion-builder-column-3{width:100% !important;margin-top : 0px;margin-bottom : 20px;}.fusion-builder-column-3 > .fusion-column-wrapper {padding-top : 100px !important;padding-right : 0px !important;margin-right : 1.92%;padding-bottom : 100px !important;padding-left : 0px !important;margin-left : 1.92%;}@media only screen and (max-width:1024px) {.fusion-body .fusion-builder-column-3{width:100% !important;order : 0;}.fusion-builder-column-3 > .fusion-column-wrapper {margin-right : 1.92%;margin-left : 1.92%;}}@media only screen and (max-width:1000px) {.fusion-body .fusion-builder-column-3{width:100% !important;order : 0;}.fusion-builder-column-3 > .fusion-column-wrapper {margin-right : 1.92%;margin-left : 1.92%;}}<\/style><\/div><\/div><style type=\"text\/css\">.fusion-body .fusion-flex-container.fusion-builder-row-3{ padding-top : 0px;margin-top : 0px;padding-right : 0px;padding-bottom : 0px;margin-bottom : 0px;padding-left : 0px;}<\/style><\/div><div class=\"fusion-fullwidth fullwidth-box fusion-builder-row-4 fusion-flex-container has-pattern-background has-mask-background content_width nonhundred-percent-fullwidth non-hundred-percent-height-scrolling\" style=\"background-color: rgba(255,255,255,0);background-position: center bottom;background-repeat: no-repeat;border-width: 0px 0px 0px 0px;border-color:var(--awb-color3);border-style:solid;\" ><div class=\"fusion-builder-row fusion-row fusion-flex-align-items-flex-start\" style=\"max-width:1248px;margin-left: calc(-4% \/ 2 );margin-right: calc(-4% \/ 2 );\"><div class=\"fusion-layout-column fusion_builder_column fusion-builder-column-4 fusion_builder_column_1_2 1_2 fusion-flex-column\"><div class=\"fusion-column-wrapper fusion-flex-justify-content-flex-start fusion-content-layout-column\" style=\"background-position:left top;background-repeat:no-repeat;-webkit-background-size:cover;-moz-background-size:cover;-o-background-size:cover;background-size:cover;padding: 0px 0px 0px 0px;\"><div class=\"fusion-text fusion-text-4\"><p><span style=\"font-family: arno-pro; font-size: 24pt; color: #c09a5d;\">Nasza Wizja<\/span><br \/>\n<strong>Poznaj cel naszej dzia\u0142alno\u015bci<\/strong><\/p>\n<p>By\u0107 najbardziej rozpoznawaln\u0105 mark\u0105 lod\u00f3w rzemie\u015blniczych naca\u0142ym \u015bwiecie! Nasz\u0105 najwa\u017cniejsz\u0105 wizj\u0105 jest sta\u0107 si\u0119 najbardziej rozpoznawaln\u0105 mark\u0105 na ca\u0142ym \u015bwiecie! Pragniemy podzieli\u0107 si\u0119 z Tob\u0105 niezwyk\u0142ymi smakowymi podr\u00f3\u017cami, kt\u00f3re przenios\u0105 Ci\u0119 w sam \u015brodek naszej pasji do doskona\u0142ych lod\u00f3w.<\/p>\n<p>Jeste\u015bmy przekonani, \u017ce jako\u015b\u0107 nie powinna mie\u0107 granic. Dlatego w\u0142a\u015bnie d\u0105\u017cymy do stworzenia najwy\u017cszej jako\u015bci lod\u00f3w rzemie\u015blniczych, kt\u00f3re zaskocz\u0105 Twoje podniebienie i zapadn\u0105 w pami\u0119\u0107 na d\u0142ugo. Nasze lody s\u0105 wytwarzane z naj\u015bwie\u017cszych, najwy\u017cszej jako\u015bci sk\u0142adnik\u00f3w, przy u\u017cyciu tradycyjnych technik rzemie\u015blniczych. Ka\u017cdy krok produkcji jest starannie nadzorowany, aby zapewni\u0107 Ci unikalne doznania smakowe.<\/p>\n<\/div><\/div><style type=\"text\/css\">.fusion-body .fusion-builder-column-4{width:50% !important;margin-top : 0px;margin-bottom : 20px;}.fusion-builder-column-4 > .fusion-column-wrapper {padding-top : 0px !important;padding-right : 0px !important;margin-right : 3.84%;padding-bottom : 0px !important;padding-left : 0px !important;margin-left : 3.84%;}@media only screen and (max-width:1024px) {.fusion-body .fusion-builder-column-4{width:50% !important;order : 0;}.fusion-builder-column-4 > .fusion-column-wrapper {margin-right : 3.84%;margin-left : 3.84%;}}@media only screen and (max-width:1000px) {.fusion-body .fusion-builder-column-4{width:100% !important;order : 0;}.fusion-builder-column-4 > .fusion-column-wrapper {margin-right : 1.92%;margin-left : 1.92%;}}<\/style><\/div><div class=\"fusion-layout-column fusion_builder_column fusion-builder-column-5 fusion_builder_column_1_2 1_2 fusion-flex-column\"><div class=\"fusion-column-wrapper fusion-flex-justify-content-flex-start fusion-content-layout-column\" style=\"background-position:left top;background-repeat:no-repeat;-webkit-background-size:cover;-moz-background-size:cover;-o-background-size:cover;background-size:cover;padding: 0px 0px 0px 0px;\"><div class=\"fusion-text fusion-text-5\"><p><span style=\"font-family: arno-pro; font-size: 24pt; color: #c09a5d;\">Misja Fresh Gelato<\/span><br \/>\n<strong>Poznaj nasz\u0105 misj\u0119 !<\/strong><\/p>\n<p>Tworzymy innowacyjny koncept z wyj\u0105tkowymi w\u0142oskimi produktami daj\u0105cymi wszystkim u\u015bmiech. Fresh Gelato jest miejscem gdzie wszyscy Go\u015bcie na ca\u0142ym \u015bwiecie mog\u0105 wspaniale sp\u0119dzi\u0107 czas przy \u015bwie\u017cych i smacznych produktach z w\u0142oskim DNA.<\/p>\n<p>Podczas naszej podr\u00f3\u017cy smakowej odwiedzisz s\u0142oneczne wybrze\u017ca i zielone doliny W\u0142och, poznasz aromatyczne nuty \u015bwie\u017cych pomara\u0144czy z Sycylii, rozp\u0142ywaj\u0105ce si\u0119 w ustach nugatowe kremy z Piemontu oraz zmys\u0142owe wi\u015bnie z regionu Emilia-Romania. Ka\u017cdy k\u0119s to kulinarne dzie\u0142o sztuki, kt\u00f3re przeniesie Ci\u0119 do serca W\u0142och.<\/p>\n<\/div><\/div><style type=\"text\/css\">.fusion-body .fusion-builder-column-5{width:50% !important;margin-top : 0px;margin-bottom : 20px;}.fusion-builder-column-5 > .fusion-column-wrapper {padding-top : 0px !important;padding-right : 0px !important;margin-right : 3.84%;padding-bottom : 0px !important;padding-left : 0px !important;margin-left : 3.84%;}@media only screen and (max-width:1024px) {.fusion-body .fusion-builder-column-5{width:50% !important;order : 0;}.fusion-builder-column-5 > .fusion-column-wrapper {margin-right : 3.84%;margin-left : 3.84%;}}@media only screen and (max-width:1000px) {.fusion-body .fusion-builder-column-5{width:100% !important;order : 0;}.fusion-builder-column-5 > .fusion-column-wrapper {margin-right : 1.92%;margin-left : 1.92%;}}<\/style><\/div><\/div><style type=\"text\/css\">.fusion-body .fusion-flex-container.fusion-builder-row-4{ padding-top : 40px;margin-top : 0px;padding-right : 0px;padding-bottom : 0px;margin-bottom : 0px;padding-left : 0px;}<\/style><\/div><\/p>\n","protected":false},"excerpt":{"rendered":"","protected":false},"author":2,"featured_media":0,"parent":0,"menu_order":0,"comment_status":"closed","ping_status":"closed","template":"100-width.php","meta":{"footnotes":""},"yoast_head":"<!-- This site is optimized with the Yoast SEO plugin v19.9 - https:\/\/yoast.com\/wordpress\/plugins\/seo\/ -->\n<title>O Nas - Fresh Gelato M1 Zabrze<\/title>\n<meta name=\"description\" content=\"Fresh Gelato M1 Zabrze to miejsce z w\u0142osk\u0105 tradycj\u0105 i charakterem. Nasz\u0105 specjalno\u015bci\u0105 s\u0105 lody rzemie\u015blnicze Fresh Gelato\" \/>\n<meta name=\"robots\" content=\"noindex, follow, max-snippet:-1, max-image-preview:large, max-video-preview:-1\" \/>\n<meta property=\"og:locale\" content=\"pl_PL\" \/>\n<meta property=\"og:type\" content=\"article\" \/>\n<meta property=\"og:title\" content=\"O Nas - Fresh Gelato M1 Zabrze\" \/>\n<meta property=\"og:description\" content=\"Fresh Gelato M1 Zabrze to miejsce z w\u0142osk\u0105 tradycj\u0105 i charakterem. Nasz\u0105 specjalno\u015bci\u0105 s\u0105 lody rzemie\u015blnicze Fresh Gelato\" \/>\n<meta property=\"og:url\" content=\"https:\/\/www.freshgelato.pl\/zabrze\/o-nas\/\" \/>\n<meta property=\"og:site_name\" content=\"Fresh Gelato\" \/>\n<meta property=\"article:modified_time\" content=\"2023-11-30T14:21:58+00:00\" \/>\n<meta name=\"twitter:card\" content=\"summary_large_image\" \/>\n<meta name=\"twitter:label1\" content=\"Szacowany czas czytania\" \/>\n\t<meta name=\"twitter:data1\" content=\"15 minut\" \/>\n<script type=\"application\/ld+json\" class=\"yoast-schema-graph\">{\"@context\":\"https:\/\/schema.org\",\"@graph\":[{\"@type\":\"WebPage\",\"@id\":\"https:\/\/www.freshgelato.pl\/zabrze\/o-nas\/\",\"url\":\"https:\/\/www.freshgelato.pl\/zabrze\/o-nas\/\",\"name\":\"O Nas - Fresh Gelato M1 Zabrze\",\"isPartOf\":{\"@id\":\"https:\/\/www.freshgelato.pl\/zabrze\/#website\"},\"datePublished\":\"2023-06-13T11:33:08+00:00\",\"dateModified\":\"2023-11-30T14:21:58+00:00\",\"description\":\"Fresh Gelato M1 Zabrze to miejsce z w\u0142osk\u0105 tradycj\u0105 i charakterem. Nasz\u0105 specjalno\u015bci\u0105 s\u0105 lody rzemie\u015blnicze Fresh Gelato\",\"breadcrumb\":{\"@id\":\"https:\/\/www.freshgelato.pl\/zabrze\/o-nas\/#breadcrumb\"},\"inLanguage\":\"pl-PL\",\"potentialAction\":[{\"@type\":\"ReadAction\",\"target\":[\"https:\/\/www.freshgelato.pl\/zabrze\/o-nas\/\"]}]},{\"@type\":\"BreadcrumbList\",\"@id\":\"https:\/\/www.freshgelato.pl\/zabrze\/o-nas\/#breadcrumb\",\"itemListElement\":[{\"@type\":\"ListItem\",\"position\":1,\"name\":\"Strona g\u0142\u00f3wna\",\"item\":\"https:\/\/www.freshgelato.pl\/zabrze\/\"},{\"@type\":\"ListItem\",\"position\":2,\"name\":\"O Nas\"}]},{\"@type\":\"WebSite\",\"@id\":\"https:\/\/www.freshgelato.pl\/zabrze\/#website\",\"url\":\"https:\/\/www.freshgelato.pl\/zabrze\/\",\"name\":\"Fresh Gelato\",\"description\":\"Sezamkowa 1 - W\u0142oskie lody szczecin\",\"potentialAction\":[{\"@type\":\"SearchAction\",\"target\":{\"@type\":\"EntryPoint\",\"urlTemplate\":\"https:\/\/www.freshgelato.pl\/zabrze\/?s={search_term_string}\"},\"query-input\":\"required name=search_term_string\"}],\"inLanguage\":\"pl-PL\"}]}<\/script>\n<!-- \/ Yoast SEO plugin. -->","yoast_head_json":{"title":"O Nas - Fresh Gelato M1 Zabrze","description":"Fresh Gelato M1 Zabrze to miejsce z w\u0142osk\u0105 tradycj\u0105 i charakterem. Nasz\u0105 specjalno\u015bci\u0105 s\u0105 lody rzemie\u015blnicze Fresh Gelato","robots":{"index":"noindex","follow":"follow","max-snippet":"max-snippet:-1","max-image-preview":"max-image-preview:large","max-video-preview":"max-video-preview:-1"},"og_locale":"pl_PL","og_type":"article","og_title":"O Nas - Fresh Gelato M1 Zabrze","og_description":"Fresh Gelato M1 Zabrze to miejsce z w\u0142osk\u0105 tradycj\u0105 i charakterem. Nasz\u0105 specjalno\u015bci\u0105 s\u0105 lody rzemie\u015blnicze Fresh Gelato","og_url":"https:\/\/www.freshgelato.pl\/zabrze\/o-nas\/","og_site_name":"Fresh Gelato","article_modified_time":"2023-11-30T14:21:58+00:00","twitter_card":"summary_large_image","twitter_misc":{"Szacowany czas czytania":"15 minut"},"schema":{"@context":"https:\/\/schema.org","@graph":[{"@type":"WebPage","@id":"https:\/\/www.freshgelato.pl\/zabrze\/o-nas\/","url":"https:\/\/www.freshgelato.pl\/zabrze\/o-nas\/","name":"O Nas - Fresh Gelato M1 Zabrze","isPartOf":{"@id":"https:\/\/www.freshgelato.pl\/zabrze\/#website"},"datePublished":"2023-06-13T11:33:08+00:00","dateModified":"2023-11-30T14:21:58+00:00","description":"Fresh Gelato M1 Zabrze to miejsce z w\u0142osk\u0105 tradycj\u0105 i charakterem. Nasz\u0105 specjalno\u015bci\u0105 s\u0105 lody rzemie\u015blnicze Fresh Gelato","breadcrumb":{"@id":"https:\/\/www.freshgelato.pl\/zabrze\/o-nas\/#breadcrumb"},"inLanguage":"pl-PL","potentialAction":[{"@type":"ReadAction","target":["https:\/\/www.freshgelato.pl\/zabrze\/o-nas\/"]}]},{"@type":"BreadcrumbList","@id":"https:\/\/www.freshgelato.pl\/zabrze\/o-nas\/#breadcrumb","itemListElement":[{"@type":"ListItem","position":1,"name":"Strona g\u0142\u00f3wna","item":"https:\/\/www.freshgelato.pl\/zabrze\/"},{"@type":"ListItem","position":2,"name":"O Nas"}]},{"@type":"WebSite","@id":"https:\/\/www.freshgelato.pl\/zabrze\/#website","url":"https:\/\/www.freshgelato.pl\/zabrze\/","name":"Fresh Gelato","description":"Sezamkowa 1 - W\u0142oskie lody szczecin","potentialAction":[{"@type":"SearchAction","target":{"@type":"EntryPoint","urlTemplate":"https:\/\/www.freshgelato.pl\/zabrze\/?s={search_term_string}"},"query-input":"required name=search_term_string"}],"inLanguage":"pl-PL"}]}},"_links":{"self":[{"href":"https:\/\/www.freshgelato.pl\/zabrze\/wp-json\/wp\/v2\/pages\/209"}],"collection":[{"href":"https:\/\/www.freshgelato.pl\/zabrze\/wp-json\/wp\/v2\/pages"}],"about":[{"href":"https:\/\/www.freshgelato.pl\/zabrze\/wp-json\/wp\/v2\/types\/page"}],"author":[{"embeddable":true,"href":"https:\/\/www.freshgelato.pl\/zabrze\/wp-json\/wp\/v2\/users\/2"}],"replies":[{"embeddable":true,"href":"https:\/\/www.freshgelato.pl\/zabrze\/wp-json\/wp\/v2\/comments?post=209"}],"version-history":[{"count":8,"href":"https:\/\/www.freshgelato.pl\/zabrze\/wp-json\/wp\/v2\/pages\/209\/revisions"}],"predecessor-version":[{"id":475,"href":"https:\/\/www.freshgelato.pl\/zabrze\/wp-json\/wp\/v2\/pages\/209\/revisions\/475"}],"wp:attachment":[{"href":"https:\/\/www.freshgelato.pl\/zabrze\/wp-json\/wp\/v2\/media?parent=209"}],"curies":[{"name":"wp","href":"https:\/\/api.w.org\/{rel}","templated":true}]}}